{"id":170,"date":"2026-03-05T13:51:43","date_gmt":"2026-03-05T13:51:43","guid":{"rendered":"https:\/\/www.levraidufauxmoussy.fr\/?page_id=170"},"modified":"2026-03-05T14:27:45","modified_gmt":"2026-03-05T14:27:45","slug":"le-comite-de-soutien","status":"publish","type":"page","link":"https:\/\/www.levraidufauxmoussy.fr\/?page_id=170","title":{"rendered":"Le comit\u00e9 de soutien"},"content":{"rendered":"\n<ul class=\"wp-block-list\">\n<li>Parce que les \u00e9lections municipales sont un moment d\u00e9cisif pour <strong>l&rsquo;avenir de Moussy-le-Neuf<\/strong>.<\/li>\n\n\n\n<li>Parce que dans un village de plus de 3 200 habitants, les choix politiques locaux ont un <strong>impact direct<\/strong> sur la vie quotidienne de chacun.<\/li>\n\n\n\n<li>Parce que nous croyons \u00e0 une action municipale claire, assum\u00e9e et <strong>guid\u00e9e par l&rsquo;int\u00e9r\u00eat g\u00e9n\u00e9ral<\/strong>.<\/li>\n\n\n\n<li>Parce que Anthony Gratacos porte une vision politique coh\u00e9rente, responsable et profond\u00e9ment <strong>ancr\u00e9e dans les r\u00e9alit\u00e9s locales.<\/strong><\/li>\n\n\n\n<li>Parce que g\u00e9rer une commune,<strong> c&rsquo;est faire des choix<\/strong> : en mati\u00e8re d&rsquo;urbanisme, de finances, de services publics, de cadre de vie et de solidarit\u00e9.<\/li>\n\n\n\n<li>Parce que ces choix doivent \u00eatre faits avec <strong>transparence, courage et sens des responsabilit\u00e9s.<\/strong><\/li>\n\n\n\n<li>Parce que Moussy-le-Neuf a besoin <strong>d&rsquo;une \u00e9quipe municipale engag\u00e9e<\/strong>, capable de d\u00e9fendre les int\u00e9r\u00eats du village, de ses habitants et de son avenir.<\/li>\n\n\n\n<li>Parce que nous voulons <strong>une action concr\u00e8te<\/strong>, r\u00e9fl\u00e9chie, et en phase avec les besoins du terrain.<\/li>\n\n\n\n<li>Parce que nous croyons \u00e0 <strong>une d\u00e9mocratie locale vivante<\/strong>, o\u00f9 les habitants sont \u00e9cout\u00e9s et associ\u00e9s aux grandes orientations communales.<\/li>\n<\/ul>\n\n\n\n<p>Nous soutenons <strong>Anthony GRATACOS et la liste Moussy en commun<\/strong> pour <strong>les \u00e9lections municipales du 15 mars.<\/strong> Nous les soutenons par conviction, par confiance dans leur capacit\u00e9 \u00e0 rassembler et par volont\u00e9 de contribuer \u00e0 un projet municipal clair, ambitieux et r\u00e9aliste pour Moussy-le-Neuf.<\/p>\n\n\n\n<p><strong>Cette d\u00e9marche est pleinement citoyenne<\/strong>. Elle s&rsquo;adresse \u00e0 toutes celles et ceux qui souhaitent une commune bien g\u00e9r\u00e9e, fid\u00e8le \u00e0 ses valeurs et r\u00e9solument tourn\u00e9e vers l&rsquo;avenir.<\/p>\n\n\n\n<p class=\"has-large-font-size\"><strong>Vous souhaitez nous rejoindre et soutenir Moussy en commun ?<\/strong><\/p>\n\n\n\n<p>Contactez-nous sur <a href=\"mailto:cds.anthonygratacos@gmail.com\">cds.anthonygratacos@gmail.com<\/a><\/p>\n\n\n\n<p class=\"has-large-font-size\"><strong>Vous souhaitez faire un don pour soutenir la campagne ? <\/strong><\/p>\n\n\n\n<p>Par virement sur le compte <strong>IBAN FR76 4061 8805 0200 0409 2070729<\/strong> ou par ch\u00e8que \u00e0 l&rsquo;ordre de Erin Schneider, mandataire de la campagne, 8 impasse du Biset, 77230, Moussy-le-Neuf <\/p>\n\n\n\n<p class=\"has-large-font-size\"><strong>Les membres du comite de soutien :<\/strong><\/p>\n\n\n\n<p><strong>VINARNICK Paul<\/strong>, M\u00e9decin g\u00e9n\u00e9raliste, 68 ans<\/p>\n\n\n\n<p><strong>BONAL Nicolas<\/strong>, Artisan, 45 ans<\/p>\n\n\n\n<p><strong>ZIRIGNON Jessica<\/strong>, Coach bien-\u00eatre &amp; massoth\u00e9rapeute, 47 ans<\/p>\n\n\n\n<p><strong>BERTRAM Patrick<\/strong>, Retrait\u00e9 de la SNCF, 70 ans<\/p>\n\n\n\n<p><strong>METENIER Marc<\/strong>, Chauffeur routier, 56 ans<\/p>\n\n\n\n<p><strong>JOURNAUD Sylvie<\/strong>, Retrait\u00e9e de l&rsquo;\u00c9ducation Nationale, 67 ans<\/p>\n\n\n\n<p><strong>FRAGA Vanessa<\/strong>, Responsable logistique, 34 ans<\/p>\n\n\n\n<p><strong>BROUSSILLON Julien<\/strong>, Ing\u00e9nieur d&rsquo;\u00e9tudes CVC, 40 ans<\/p>\n\n\n\n<p><strong>MELIS Bruno<\/strong>, Convoyeur avion, 49 ans<\/p>\n\n\n\n<p><strong>ACHOUR Wendy<\/strong>, Ing\u00e9nieure commerciale, 35 ans<\/p>\n\n\n\n<p><strong>PIRON Christine<\/strong>, Infirmi\u00e8re retrait\u00e9e, 67 ans<\/p>\n\n\n\n<p><strong>ALRAM Camille<\/strong>, Consultante informatique, 31 ans<\/p>\n\n\n\n<p><strong>GUERIN Philippe<\/strong>, Retrait\u00e9 intermittent du spectacle, 65 ans<\/p>\n\n\n\n<p><strong>JOSSIN Ida<\/strong>, Coach en d\u00e9veloppement personnel, 48 ans<\/p>\n\n\n\n<p><strong>CLERGEOT Ga\u00eblle<\/strong>, Responsable achat BTP, 41 ans<\/p>\n\n\n\n<p><strong>MELIS Alicia<\/strong>, Assistante, 29 ans<\/p>\n\n\n\n<p><strong>SEDRAN Alexandre<\/strong>, Comptable, 44 ans<\/p>\n\n\n\n<p><strong>EVEILLARD Jean-Michel<\/strong>, Fonctionnaire territorial, 61 ans<\/p>\n\n\n\n<p><strong>HOLTZ Isabelle<\/strong>, Commerciale, 59 ans<\/p>\n\n\n\n<p><strong>COELHO Alexandra<\/strong>, Commerciale, 36 ans<\/p>\n\n\n\n<p><strong>DE JESUS Maria<\/strong>, Taxi, 39 ans<\/p>\n\n\n\n<p><strong>ROY Catherine<\/strong>, Retrait\u00e9e Pr\u00e9fecture de Police, 69 ans<\/p>\n\n\n\n<p><strong>TERRIER Jacki<\/strong>, Retrait\u00e9, 83 ans<\/p>\n\n\n\n<p><strong>BERNOT Murielle<\/strong>, Cheffe de file de caisse, 77 ans<\/p>\n\n\n\n<p><strong>BEUGIN Analine<\/strong>, Retrait\u00e9e, 65 ans<\/p>\n\n\n\n<p><strong>MELIS Fabio<\/strong>, \u00c9tudiant, 18 ans<\/p>\n\n\n\n<p><strong>GUENOT Luciana<\/strong>, Retrait\u00e9e commer\u00e7ante, 86 ans<\/p>\n\n\n\n<p><strong>MARITON Francine<\/strong>, Retrait\u00e9e S\u00e9curit\u00e9 Sociale, 82 ans<\/p>\n\n\n\n<p><strong>CRESTEY Isabelle<\/strong>, Retrait\u00e9e cadre bancaire, 64 ans<\/p>\n\n\n\n<p><strong>SYHANATH Jonathan<\/strong>, Chef d\u2019\u00e9quipe entrep\u00f4t, 40 ans<\/p>\n\n\n\n<p><strong>HOLTZ Roland<\/strong>, Retrait\u00e9 fonction publique, 64 ans<\/p>\n\n\n\n<p><strong>PIRON Jean-Michel,<\/strong> Retrait\u00e9, 68 ans<\/p>\n\n\n\n<p><strong>SUM Jean-Jacques<\/strong>, Retrait\u00e9 m\u00e9tallier, 65 ans<\/p>\n\n\n\n<p><strong>SAUTEREAU Nadine<\/strong>, Retrait\u00e9e, 64 ans<\/p>\n\n\n\n<p><strong>RADENAC Aur\u00e9lie<\/strong>, Directrice marketing, 40 ans<\/p>\n\n\n\n<p><strong>CAMARA Jessica<\/strong>, Assistante de direction \u00c9ducation Nationale, 40 ans<\/p>\n\n\n\n<p><strong>TERRIER Andr\u00e9e<\/strong>, Retrait\u00e9e, 83 ans<\/p>\n\n\n\n<p><strong>MELIS Ma\u00ebva<\/strong>, Secr\u00e9taire, 28 ans<\/p>\n\n\n\n<p><strong>BENATMANE Rani<\/strong>, Agent de s\u00fbret\u00e9 a\u00e9roportuaire, 37 ans<\/p>\n\n\n\n<p><strong>LUMBROSO Vincent<\/strong>, Directeur adjoint accueil de loisirs, 35 ans<\/p>\n\n\n\n<p><strong>DUFOUR S\u00e9bastien<\/strong>, Ma\u00e7on, 46 ans<\/p>\n\n\n\n<p><strong>PHAM Sibang<\/strong>, Machiniste, 34 ans<\/p>\n\n\n\n<p><strong>PICARD Cl\u00e9mence<\/strong>, Responsable administratif, 32 ans<\/p>\n\n\n\n<p><strong>RADRESA Emile<\/strong>, Retrait\u00e9, 92 ans<\/p>\n\n\n\n<p><strong>JOURNAUD Aur\u00e9lie<\/strong>, Professeur des \u00e9coles, 44 ans<\/p>\n\n\n\n<p><strong>ROQUE Alexandra<\/strong>, Fonctionnaire, 54 ans<\/p>\n\n\n\n<p><strong>GRATACOS Marthe<\/strong>, Directrice d&rsquo;\u00e9cole retrait\u00e9e, 82 ans<\/p>\n\n\n\n<p><strong>MELIS Alessio<\/strong>, \u00c9tudiant, 18 ans<\/p>\n\n\n\n<p><strong>DOS SANTOS Isilda<\/strong>, Responsable comptes clients, 49 ans<\/p>\n\n\n\n<p><strong>BERTRAM Sylvie<\/strong>, Retrait\u00e9e, 69 ans<\/p>\n\n\n\n<p><strong>GALIBERT Jacqueline<\/strong>, Retrait\u00e9e, 90 ans<\/p>\n\n\n\n<p><strong>PHAM Laurenne<\/strong>, Conseill\u00e8re, 35 ans<\/p>\n\n\n\n<p><strong>SY Ma\u00eblys<\/strong>, \u00c9tudiante, 24 ans<\/p>\n\n\n\n<p><strong>LAURENT Anne-Marie<\/strong>, Auto-entrepreneur, 45 ans<\/p>\n\n\n\n<p><strong>OLSZEWSKI Fr\u00e9d\u00e9ric<\/strong>, Infirmier, 42 ans<\/p>\n\n\n\n<p><strong>TAN Muriel<\/strong>, Office manager, 38 ans<\/p>\n\n\n\n<p><strong>DJEMAI Bilal<\/strong>, \u00c9tudiant a\u00e9ronautique, 19 ans<\/p>\n\n\n\n<p><strong>BELABED Slimane<\/strong>, Responsable d\u2019exploitation, 49 ans<\/p>\n\n\n\n<p><strong>SEBBAN Ken<\/strong>, Employ\u00e9, 40 ans<\/p>\n\n\n\n<p><strong>CHANSON St\u00e9phanie<\/strong>, Agent de restauration, 37 ans<\/p>\n\n\n\n<p><strong>FOURNIER Marion<\/strong>, Int\u00e9rimaire, 31 ans<\/p>\n\n\n\n<p><strong>SYHANATH Cristelle<\/strong>, Assistante master data, 44 ans<\/p>\n\n\n\n<p><strong>MERIMECHE Zoheir<\/strong>, Coordinateur logistique, 34 ans<\/p>\n\n\n\n<p><strong>NAVARRO Matthieu<\/strong>, Technico-commercial, 38 ans<\/p>\n\n\n\n<p><strong>NOLLET Adeline,<\/strong> Assistante ADV, 37 ans<\/p>\n\n\n\n<p><strong>RADENAC Thomas<\/strong>, Assistant administratif, 36 ans<\/p>\n\n\n\n<p><strong>GUERIN Gauthier<\/strong>, Chauffeur livreur, 40 ans<\/p>\n\n\n\n<p><\/p>\n","protected":false},"excerpt":{"rendered":"<p>Nous soutenons Anthony GRATACOS et la liste Moussy en commun pour les \u00e9lections municipales du 15 mars. Nous les soutenons par conviction, par confiance dans leur capacit\u00e9 \u00e0 rassembler et par volont\u00e9 de contribuer \u00e0 un projet municipal clair, ambitieux et r\u00e9aliste pour Moussy-le-Neuf. Cette d\u00e9marche est pleinement citoyenne. Elle s&rsquo;adresse \u00e0 toutes celles et [&hellip;]<\/p>\n","protected":false},"author":2,"featured_media":0,"parent":0,"menu_order":0,"comment_status":"closed","ping_status":"closed","template":"","meta":{"footnotes":""},"class_list":["post-170","page","type-page","status-publish","hentry"],"jetpack_sharing_enabled":true,"_links":{"self":[{"href":"https:\/\/www.levraidufauxmoussy.fr\/index.php?rest_route=\/wp\/v2\/pages\/170","targetHints":{"allow":["GET"]}}],"collection":[{"href":"https:\/\/www.levraidufauxmoussy.fr\/index.php?rest_route=\/wp\/v2\/pages"}],"about":[{"href":"https:\/\/www.levraidufauxmoussy.fr\/index.php?rest_route=\/wp\/v2\/types\/page"}],"author":[{"embeddable":true,"href":"https:\/\/www.levraidufauxmoussy.fr\/index.php?rest_route=\/wp\/v2\/users\/2"}],"replies":[{"embeddable":true,"href":"https:\/\/www.levraidufauxmoussy.fr\/index.php?rest_route=%2Fwp%2Fv2%2Fcomments&post=170"}],"version-history":[{"count":2,"href":"https:\/\/www.levraidufauxmoussy.fr\/index.php?rest_route=\/wp\/v2\/pages\/170\/revisions"}],"predecessor-version":[{"id":184,"href":"https:\/\/www.levraidufauxmoussy.fr\/index.php?rest_route=\/wp\/v2\/pages\/170\/revisions\/184"}],"wp:attachment":[{"href":"https:\/\/www.levraidufauxmoussy.fr\/index.php?rest_route=%2Fwp%2Fv2%2Fmedia&parent=170"}],"curies":[{"name":"wp","href":"https:\/\/api.w.org\/{rel}","templated":true}]}}